o) = -170263*o + 3. Give i(0).
3
Let x(f) = -1087*f - 2229. What is x(-2)?
-55
Let z(j) = -13*j**2 + 1821*j - 12170. Give z(133).
66
Let r(q) = -15*q**2 + 1732*q - 47734. Calculate r(70).
6
Let b(w) = -1045*w**2 - 15*w - 131. Determine b(0).
-131
Let t(m) = 12011*m - 132153. Give t(11).
-32
Let v(x) = 187*x**2 - 484*x + 283. Calculate v(2).
63
Let w(g) = -457*g - 22701. What is w(-50)?
149
Let k(p) = -12*p**2 - 159*p + 1240. What is k(9)?
-1163
Let s(q) = q**3 - 103*q**2 - 1210*q - 4948. What is s(114)?
68
Let b(r) = -7*r**2 + 208*r + 2460. Calculate b(33).
1701
Let y(f) = 231*f**2 - 179*f + 180. Give y(1).
232
Let t(p) = -26*p**2 + 1976*p + 196. Calculate t(75).
2146
Let q(l) = -2322*l + 401713. Calculate q(173).
7
Let g(x) = 940*x**3 + 15042*x**2 + 12*x - 320. Determine g(-16).
0
Let o(w) = 1197*w - 72431. Calculate o(61).
586
Let q(p) = 36*p**2 + 151*p - 60. Give q(-4).
-88
Let j(t) = 5*t**2 + 223*t - 3978. Determine j(30).
7212
Let y(g) = 970*g + 29093. Calculate y(-30).
-7
Let q(s) = -540*s + 17850. Calculate q(33).
30
Let y(q) = -q**2 + 61356*q - 1655879. What is y(27)?
4
Let b(f) = 2*f**2 + 2343*f + 7010. Give b(-3).
-1
Let d(o) = -4*o**3 + 297*o**2 - 79*o - 37. Give d(74).
-407
Let o(y) = -y**3 - 26*y**2 + 249*y + 54. Determine o(-33).
-540
Let r(f) = -2*f**3 - 21*f**2 - 9972*f - 109823. Determine r(-11).
-10
Let j(a) = a**2 - 212*a + 1993. Determine j(202).
-27
Let y(j) = -14*j**2 - 569*j + 3941. Determine y(7).
-728
Let w(s) = 4*s**3 + 24*s**2 + 161*s + 148. What is w(-6)?
-818
Let m(j) = -17443*j + 35012. Determine m(2).
126
Let i(q) = -q**3 - 325*q**2 - 9667*q - 1021. Calculate i(-33).
2
Let n(h) = -3*h**3 + 127*h**2 + 545*h - 47. Calculate n(-4).
-3
Let b(a) = -a**3 - 45*a**2 - 337*a - 3666. What is b(-39)?
351
Let d(p) = p**3 - 71*p**2 + 155*p + 310. Calculate d(69).
1483
Let l(t) = -15832*t - 411643. Give l(-26).
-11
Let v(r) = -1931*r - 219903. What is v(-114)?
231
Let h(a) = 6*a**2 - 5357*a - 149020. Give h(-27).
-7
Let p(m) = -130*m**2 + 23*m + 12. Determine p(-3).
-1227
Let m(h) = -2941*h + 45785. Give m(14).
4611
Let y(x) = -2*x**3 + 17*x**2 - 25*x + 49. Calculate y(7).
21
Let f(j) = 3053*j + 33613. Determine f(-11).
30
Let p(r) = -r**2 + 2291*r + 688650. Give p(-269).
10
Let p(l) = 829*l + 4143. What is p(-5)?
-2
Let m(r) = -3*r**2 - 92*r + 3120. Calculate m(23).
-583
Let h(k) = -k**3 - 94*k**2 + 61*k - 3162. Give h(-95).
68
Let k(i) = -210767*i - 632288. Give k(-3).
13
Let z(h) = -806*h - 244218. Calculate z(-303).
0
Let s(y) = y**3 + 45*y**2 + 423*y + 4694. What is s(-37)?
-5
Let o(f) = -f**3 + 110*f**2 + 2809*f + 15741. Calculate o(-13).
11
Let h(w) = -w**3 - 72*w**2 - 1224*w + 221. Determine h(-28).
-3
Let l(y) = -2856*y + 394073. Give l(138).
-55
Let r(p) = 2*p**2 + 63*p - 13812. What is r(-102)?
570
Let w(u) = 3*u**2 - 49*u + 886. What is w(27)?
1750
Let a(y) = 164355*y - 36. Give a(0).
-36
Let r(t) = 16466*t - 164663. Give r(10).
-3
Let j(s) = -29*s - 11357. Calculate j(-198).
-5615
Let f(s) = -5*s**2 + 65*s + 117. What is f(27)?
-1773
Let j(m) = m**2 - 3779*m + 255370. What is j(69)?
-620
Let u(o) = -76*o + 62698. Determine u(824).
74
Let n(g) = -9*g**3 + 2*g**2 + 6*g - 1311. Calculate n(0).
-1311
Let h(g) = -547*g - 15818. Give h(-29).
45
Let y(c) = 930*c + 1023934. Give y(-1101).
4
Let l(m) = -19*m**3 - 7*m**2 + 19*m + 27. What is l(-3)?
420
Let x(l) = l**2 - 2141*l + 120828. Calculate x(58).
14
Let w(t) = -t**3 - 130*t**2 - 318*t - 7900. Determine w(-128).
36
Let u(z) = 9*z**3 - 1089*z**2 + 24*z - 454. What is u(121)?
2450
Let c(m) = -m**3 + 34*m**2 - 2823*m + 92124. Determine c(33).
54
Let f(h) = 5131*h - 25503. Determine f(5).
152
Let m(f) = -3*f**3 - 253*f**2 - 1040*f - 402. Determine m(-80).
-402
Let v(x) = 2*x**3 - 1295*x**2 + 7059*x + 1931. Give v(642).
5
Let g(u) = -4261*u + 1193069. Calculate g(280).
-11
Let b(u) = -641*u**2 + 6*u + 10. Determine b(0).
10
Let a(b) = -324608*b - 324611. Give a(-1).
-3
Let g(n) = 5*n**3 - 188*n**2 + 780*n + 967. Determine g(-1).
-6
Let m(y) = -9*y**3 + 1016*y**2 + 91*y + 1556. Calculate m(113).
-930
Let h(m) = 15*m**3 - 6*m**2 - 118*m + 154. Calculate h(3).
151
Let x(a) = a**3 + 111*a**2 + 286*a - 4117. What is x(-108)?
-13
Let g(q) = 4*q**3 - 90*q**2 + 47*q - 18. Determine g(22).
48
Let t(r) = -4771*r + 477121. What is t(100)?
21
Let k(t) = -4055*t - 360945. What is k(-89)?
-50
Let v(p) = -534*p - 15517. Determine v(-35).
3173
Let u(o) = -605*o + 23369. Calculate u(35).
2194
Let j(u) = u**3 + 207*u**2 + 417*u + 2. Determine j(-2).
-12
Let t(z) = -z**3 - 195*z**2 + 195*z + 181. What is t(-196)?
377
Let y(o) = 2*o**2 - 688*o + 25356. Give y(302).
-12
Let w(r) = -r**3 - 9*r**2 + 26*r + 53. Give w(-13).
391
Let c(a) = -a**2 + 41*a + 8552. Determine c(-70).
782
Let j(y) = 68*y**2 - 7024*y + 2072. Calculate j(103).
12
Let g(s) = 132*s**2 - 1290*s - 279. Determine g(10).
21
Let j(v) = -2*v**2 - 195*v - 4791. Determine j(-27).
-984
Let z(h) = 13*h**2 + 122730*h - 245453. Give z(2).
59
Let u(z) = -z**3 + 102*z**2 - 165*z - 440. Determine u(3).
-44
Let w(b) = b**3 - 34*b**2 + 193*b - 1240. What is w(29)?
152
Let j(x) = -x**2 + 208*x + 30977. What is j(-96)?
1793
Let h(f) = 2*f**2 + 147*f + 757. Give h(-68).
9
Let k(n) = 347*n + 212661. What is k(-613)?
-50
Let n(h) = -16*h**2 + 157*h - 162. What is n(6)?
204
Let a(x) = -56*x**2 + 150*x + 1107. Give a(6).
-9
Let t(o) = 2167*o - 8429. Calculate t(4).
239
Let v(p) = -2586*p**2 + 1923982*p + 1474. Calculate v(744).
-14
Let h(z) = -2269*z**2 + 6763*z + 168. Calculate h(3).
36
Let s(w) = -2*w**3 - 40*w**2 - 126*w + 93. Give s(-4).
85
Let t(l) = 93*l**2 + 864*l + 4295. What is t(-5)?
2300
Let d(v) = -3*v**2 - 149*v + 3183. Determine d(20).
-997
Let n(f) = f**2 - 133*f + 4894. Calculate n(67).
472
Let t(a) = -7607*a - 30723. Determine t(-4).
-295
Let x(h) = 972*h**2 + 9708*h - 128. Calculate x(-10).
-8
Let l(x) = -480*x**2 - 21613*x - 579. What is l(-45)?
6
Let r(u) = -2*u**3 - 35*u**2 - 94*u + 25. What is r(-9)?
-506
Let t(q) = 4*q**3 + 133*q**2 + 592*q + 45. What is t(-28)?
-67
Let q(x) = -361188*x - 1805926. Calculate q(-5).
14
Let u(c) = 44030*c - 233. Give u(0).
-233
Let s(i) = 22903*i + 206103. What is s(-9)?
-24
Let h(a) = 2*a**2 + 197*a - 1934. Determine h(-104).
-790
Let s(q) = q**3 + 588*q**2 + 5217*q + 63. Determine s(-9).
9
Let y(m) = 3*m**3 + 32*m**2 - 28*m - 479. What is y(-10)?
1
Let a(f) = -367*f + 149. Calculate a(4).
-1319
Let s(r) = -r**3 - 89*r**2 + 1834*r - 132940. Give s(-115).
0
Let w(l) = -l**3 - 7*l**2 + 13*l + 2. Determine w(6).
-388
Let r(z) = 96*z**2 - 4038*z + 38. Calculate r(42).
-214
Let a(q) = -q**3 + 27*q**2 + 60*q + 373. Determine a(31).
-1611
Let d(r) = -7*r**2 + 401*r + 15912. What is d(-27)?
-18
Let u(z) = z**3 + 31*z**2 + 100*z - 537. Calculate u(-24).
1095
Let m(p) = p**2 + 14689*p + 44058. Give m(-3).
0
Let h(l) = -25*l**2 + 686*l - 292. Determine h(27).
5
Let y(s) = s**3 + 44*s**2 - 79*s - 1429. Determine y(-45).
101
Let o(w) = -716*w**2 - 1434*w - 10. What is o(-2)?
-6
Let j(m) = 96*m + 1316. Determine j(-35).
-2044
Let s(r) = r**3 + 131*r**2 + 451*r + 24907. Determine s(-129).
10
Let h(w) = w**3 - 56*w**2 - 460*w + 25. Calculate h(-7).
158
Let l(v) = v**3 + 127*v**2 - 91*v + 4716. Give l(-128).
-20
Let g(z) = -112*z**2 + 1300*z + 49. Determine g(11).
797
Let o(b) = -3*b**2 + 46*b - 113. What is o(16)?
-145
Let l(b) = 37*b**2 - 22*b - 24. Give l(-3).
375
Let d(w) = w**3 + 82*w**2 + 1327*w + 962. Give d(-21).
-4
Let z(g) = -g**3 + 12*g**2 + 144*g + 239. Give z(-6).
23
Let n(b) = 27*b**2 + 14254*b + 27374. Give n(-526).
22
Let i(n) = -17*n**3 + 21*n**2 - 5*n + 4. Calculate i(1).
3
Let d(i) = 3*i**3 + 1842*i**2 + 14544*i + 106. What is d(-606)?
106
Let a(i) = 4*i**3 + 175*i**2 - 23*i + 290. Give a(-44).
-634
Let p(i) = 2*i**3 + i**2 + 1119*i + 3350. Calculate p(-3).
-52
Let z(t) = -10896*t + 10823. Determine z(1).
-73
Let x(j) = 12741*j + 522380. What is x(-41)?
-1
Let j(q) = -7436*q - 1517038. Give j(-204).
-94
Let n(l) = 20*l**2 - 3187*l - 9543. Determine n(-3).
198
Let y(u) = 2*u**2 - 13*u + 70. Determine y(-11).
455
Let b(x) = 3*x**3 - 506*x**2 + 1083*x + 40673. Give b(166).
3
Let y(i) = 79*i - 19754. Determine y(250).
-4
Let p(h) = 76*h - 171. Calculate p(-11).
-1007
Let s(j) = -8232*j - 643